 5 = 3*d. What is the tens digit of q(d)?
1
Let r be (-6)/(0 + 5/(-80)). Let o = r + -33. What is the tens digit of o?
6
Let h = 15 - 5. What is the tens digit of (2 + (-52)/h)/(10/(-125))?
4
Let h(l) be the third derivative of -l**4/8 + 31*l**3/6 - 5*l**2. What is the units digit of h(0)?
1
Let c be -4 - (-3 - (-16)/4)/(-1). What is the units digit of (42/(-4) - c)*-6?
5
Let f = 26 - 32. What is the tens digit of 1/(-2) - (447/f + 2)?
7
Suppose -10*j + 14*j - 2*a = 2798, -3*j + 2109 = 2*a. What is the tens digit of j?
0
Let t = -51 + 48. Let u = t + 16. What is the tens digit of u?
1
Let b(f) = -f**2 - 5*f + 1. Let c(i) = -i**3 - i**2 + 2*i - 7. Let g be c(0). Let z be b(g). Let q(r) = r**2 + 11*r - 13. What is the units digit of q(z)?
3
Let s(k) = 21*k**2 + 10*k - 56. What is the hundreds digit of s(6)?
7
What is the tens digit of (-104)/416 + (1 - 354/(-8))?
4
Let d(b) = -31*b - 2. Let t be d(1). What is the units digit of 5/((-5 - -3) + t/(-15))?
5
Let t be -2 + -1 - 7/((-14)/236). Suppose 5*o + t = 5*r, 5*r = -0*o + o + 107. What is the units digit of r?
1
Let l = -19 + 22. Let o(r) = -6*r - 2 - 7 + l*r. What is the tens digit of o(-7)?
1
Let k be (2*29)/((-8)/(-8)). Suppose 0 = -5*r + 303 - k. What is the tens digit of r?
4
What is the tens digit of ((-1)/2)/(7/(-6048))?
3
Let l(d) = 177*d - 2. Let a be l(1). Let y = 6 + a. What is the hundreds digit of y?
1
Suppose -35*w = -38*w + 3141. What is the hundreds digit of w?
0
What is the thousands digit of 143/(-52) + 4 - 6267/(-4)?
1
Let f(k) = k**3 + 26*k**2 + 33*k + 29. Let o be f(-24). Suppose 0 = -5*g - 3*l + 652, -3*g - 3*l + o = l. What is the tens digit of g?
3
What is the tens digit of 7 - ((-49776)/8)/6?
4
Suppose 3*v + 1484 = 5*o, 0 = -4*o - 0*o + 2*v + 1186. What is the hundreds digit of o?
2
Let r(g) = 4 + 5*g + g - 33 - 12*g. What is the units digit of r(-10)?
1
Let r(u) = -u**2 - 2*u - 7. Let w be r(9). Let a = w - -238. What is the hundreds digit of a?
1
What is the hundreds digit of -7281*(55/(-105) - 1/7)?
8
What is the tens digit of 16879/4 - (-24)/96?
2
Let n = -10 - -62. Let k = n + 3. What is the tens digit of k?
5
Let n(t) = 1537*t - 60. Let q be n(15). What is the tens digit of (q/(-36))/(-7) + (-1)/4?
9
Let f(x) = -4*x + 13. Let d be (-2)/(((-10)/(-4))/(-5)). Let u = d - 11. What is the units digit of f(u)?
1
Let q = 226 - -2839. What is the units digit of q?
5
Let p = -74 - -206. Suppose -3*g = 0, 0*q - 5*g - p = -q. What is the tens digit of q?
3
What is the hundreds digit of (-1)/1*(4 - (2061 - -14))?
0
What is the thousands digit of (-14784)/(-13 - -1) + 10?
1
Let k(w) = 14*w**2 - 7*w - 5. Let r be k(-5). Suppose m - 360 = -5*n - 4*m, -5*n + r = m. What is the units digit of n?
7
Let i be (-86 + 1)*(-17)/5. Suppose -4*z = -i - 175. Suppose 5*g - z = 19. What is the tens digit of g?
2
Let x = -32 + 29. Let i(a) = -6*a + 9. What is the units digit of i(x)?
7
Suppose 5*w - 2*z - 22 = 0, -w = -2*z + 2 - 0. What is the units digit of 2 + ((-9)/(-6) - (-963)/w)?
4
Suppose 2*x = 3*x - 2*r - 4, -3*x = -r - 12. Suppose 0 = x*g, -2*y - 5*g + 10 = -0*g. Suppose 3*w = m + m - 26, y*w = -5*m + 115. What is the tens digit of m?
1
Let m = -148 + 299. What is the hundreds digit of m?
1
Let w = 9453 + -6660. What is the units digit of w?
3
Suppose -2 = -2*y - 2*q, y - 3*q - 6 - 7 = 0. Suppose 4 = -y*i - 2*u, 2*i + 8 = 7*i - 4*u. Suppose i = -z - 4*z + 115. What is the units digit of z?
3
Suppose -q + 5*q = 0. Suppose 3 = -u + 2*u, -2*y - 5*u - 245 = q. What is the tens digit of (-1)/(-3) - y/6?
2
Suppose 0 = 2*j + 5*n - 616, -356 - 898 = -4*j + n. Suppose 0 = 4*i - 5*x - j, i - 6*i + 5*x + 385 = 0. What is the units digit of i?
2
Let k(l) = 6*l - 33. Let d be k(6). What is the hundreds digit of (d*-19)/((-5)/(-30)*-2)?
1
Suppose 0 = 7*g - 5 + 19. Let m(a) be the third derivative of -a**6/60 + a**5/30 + a**4/24 - a**3/6 + a**2. What is the tens digit of m(g)?
2
Let i(r) = -96*r. Let z be (-1 - 1)*3/6. Let s be i(z). Suppose 3*y - s = -3*l, 2*y + y - 3*l - 114 = 0. What is the tens digit of y?
3
Let c(n) = -n**2 + 11*n - 14. Let m be c(9). Suppose m*u - 104 = 3*u. What is the tens digit of u?
0
Let q = -124 + 370. Suppose -774 = -6*y - q. What is the tens digit of y?
8
Let f = -4658 - -9583. What is the hundreds digit of f?
9
Let d(v) = 19*v - 4. Suppose 4 = -5*s + 9*s. What is the units digit of d(s)?
5
Let p(r) = -r**2 - r - 1. Let a(m) = -173*m**3 - 5*m**2 - 9*m - 10. Let x(c) = a(c) - 5*p(c). What is the tens digit of x(-1)?
7
What is the tens digit of (-7 - -6)*5 + 336?
3
What is the units digit of 1589/14 - (4 - (-11)/(-2))?
5
Let l(j) = 59*j**3 + j**2 - 2*j + 2. Suppose -x + 4 - 3 = 0. What is the tens digit of l(x)?
6
Suppose 3*r = 3, 42 = 3*b + 3*r - 78. What is the tens digit of b?
3
Let o(b) = 4*b + 13. What is the units digit of o(14)?
9
Suppose -10175 - 11761 = -12*g. What is the tens digit of g?
2
Let l(n) = n**3 + 5*n**2 + 2*n. Let a be l(-4). What is the tens digit of 96 + ((-4)/a*-4)/2?
9
Suppose -a + 288 = 2*j, -3*a = -2*j + 3*j - 879. What is the tens digit of a?
9
Suppose 5*g = 83 + 37. Let n = 32 + g. What is the tens digit of n?
5
Suppose 8*d - 3*d = -3*r + 31, -15 = -5*r - d. Let x(s) = 0 - 3 - r*s**3 + 1 + 1. What is the tens digit of x(-2)?
1
Suppose -5821 = -28*h + 1767. What is the units digit of h?
1
Let m = 304 + -137. What is the units digit of m?
7
Suppose -l - 3*l + 74 = -2*o, 3*o = 9. Suppose 4*r - 19 = -3*t + 9, l = 5*t. Suppose 178 = r*w + 38. What is the tens digit of w?
3
Suppose w = h - 4, 0 = -3*h + w - 3 + 7. Suppose -2*f - m + 5 = h, f - 11 = -3*m - 1. What is the units digit of f?
1
Let f(z) = -2*z**2 - 17*z + 2. Let a be f(-8). Suppose -5*s + 2*i = -610, -2*i - a = -0*i. What is the tens digit of s?
2
What is the units digit of (-6)/(-21) + (11 - (-325980)/84)?
2
Suppose -4*b = -7*b + 1926. What is the tens digit of b?
4
Suppose -207*o + 205*o + 924 = 0. What is the units digit of o?
2
Suppose 3*q + 4*m = 5*m + 1752, q + m = 584. What is the hundreds digit of q?
5
What is the units digit of 17984/8 + -7 + -9?
2
Suppose 0 = -3*b - 12, -7*y + 4 = -8*y - b. Suppose 3*k - 846 = 4*r, -5*k - r + 834 + 576 = y. What is the hundreds digit of k?
2
Suppose -35 = 9*o - 14*o. Suppose o*s - 865 = -186. What is the tens digit of s?
9
Suppose -3*n = -4*a - 5*n + 954, -2*n = 3*a - 718. Suppose -2*v + a = 5*h, 5*v + 5*h = 2*v + 349. What is the hundreds digit of v?
1
Suppose 5*u - 2595 = 4*o - 6*o, 2*o = -4*u + 2078. What is the units digit of u?
7
What is the hundreds digit of (-3)/(-6)*(5765 + 90/10)?
8
Let h(g) = -25*g - 4. Let k = 26 - 24. Let c = k + -4. What is the tens digit of h(c)?
4
Let w = 55 + 224. Suppose -4*k - 69 = w. What is the units digit of k/(-27) - 6/27?
3
Let u(h) = -h**2 - 2*h + 6. Let g be u(0). What is the units digit of 1/g + 10570/84?
6
What is the hundreds digit of (-8 + -17)/(9/(-1044))?
9
Let k(c) = -c**3 - 9*c**2 + 92*c + 129. What is the units digit of k(-21)?
9
Let z(i) = 41*i**2 + 27*i + 3. What is the units digit of z(9)?
7
Let s(a) = -41*a + 40. What is the hundreds digit of s(-10)?
4
Let s = -1223 + 3798. What is the tens digit of s?
7
Suppose -3*c = -455 - 277. What is the hundreds digit of c?
2
Let o be 0/(6/3) - -62. Let c = 98 - o. What is the units digit of (c/(-30))/((-6)/20)?
4
Let b(r) = 2*r + 77. Let d be b(-43). Suppose 2*k = 4*g + 108, k - 6 = -g + 33. Let f = k + d. What is the units digit of f?
5
Let l(u) be the second derivative of 0*u**2 + 0 + 9*u - 5/12*u**4 + 5/6*u**3 + 1/10*u**5. What is the units digit of l(2)?
6
Let x(w) = 5*w + 1. Let d be x(13). Let r = -36 + d. What is the units digit of r?
0
Let k(c) be the first derivative of 2*c**3/3 + 6*c**2 - 4*c + 2. Let u(p) = p**2 - 10*p - 18. Let d be u(11). What is the tens digit of k(d)?
1
Suppose -3*a + 1962 + 6918 = 0. What is the tens digit of a?
6
Let g(t) = -t**3 + 4*t**2 + 6*t + 4. Let h be g(5). Let x = h - 9. Let o(j) = -j**2 + j + 22. What is the units digit of o(x)?
2
Let i be (-8)/4*(5/(-2) + 3). What is the tens digit of (i/((-1)/26))/(10/40)?
0
Let k(d) = 16*d**2 + 14*d - 1. What is the tens digit of k(-3)?
0
Let o = -321 + 479. Suppose -z = 2*z - 5*u - 261, o = 2*z + 2*u. What is the units digit of z?
2
Let q(z) = -1101*z - 125. What 